34, -u + 15 = -5*g - y. Is (-2)/g + (-887)/(-7) a composite number?
False
Suppose 8 = 4*g + 5*l - 4*l, 5*l + 8 = 4*g. Suppose -k + 3*t = -37, 2*t + 84 - 18 = g*k. Is k a composite number?
False
Let v be (-4)/10 + (-97)/(-5). Let k = 130 + v. Is k composite?
False
Suppose -2*l + 456 = -m, -3*l + 2*m + 1139 = 2*l. Suppose -3*f + 52 = -l. Is f composite?
True
Suppose -19*n = -14*n - 445. Is n composite?
False
Is 18/30 + 934/10 a prime number?
False
Let t = -3 - -70. Is t prime?
True
Suppose 2*g - 1 = -3. Is -9 - -157 - g*1 a composite number?
False
Is 0 + 396 - (2 + -7 + 4) composite?
False
Suppose 2*z - 455 - 11 = 0. Is z prime?
True
Let v(x) = -727*x - 6. Is v(-4) prime?
False
Suppose -7*z + 6*z = -74. Is z composite?
True
Suppose -3*u - 2*u = -30. Let s be (u/4)/(2/(-4)). Is 26 + (-2 - -4) + s a prime number?
False
Is (-1)/(12/(-6)) + (-8642)/(-4) a composite number?
False
Let c = 1058 - 639. Is c prime?
True
Let s be 3252/14 + (-14)/49. Suppose 2*t = 5*x + 710, 0 = 7*x - 2*x + 20. Let o = t - s. Is o a prime number?
True
Let u = 43 - 61. Let y be u/(-5) + 14/35. Suppose -d + 0*d = -5, 160 = y*b + 4*d. Is b a prime number?
False
Let f be 0 + 0 + -2 + -2. Let u(c) = -5*c + 3. Let m(k) = -9*k + 6. Let y(q) = -2*m(q) + 5*u(q). Is y(f) a composite number?
False
Let f(d) = -5*d**3 - 6*d**2 - 4*d - 2. Let c(o) = -o**3 - o - 1. Let n(g) = 2*c(g) - f(g). Is n(5) composite?
True
Suppose 0 = -2*t + 5*b + 109, 0 = 2*t - 0*b - b - 113. Is (t/9 + 0)*3 a composite number?
False
Let q = -21 - -70. Suppose -5*t + q = 2*u, 5*u + 3*t - 175 = t. Is u a prime number?
True
Is 1576/14 - 42/(-98) composite?
False
Let v = 1678 - 975. Is v prime?
False
Let v(l) = l**3 + l**2 + l + 1. Let d be v(0). Suppose -t + n = -d, t + 2*n + 5 = 6*t. Suppose s + 0*s = 5*u + t, 2*u - 71 = -3*s. Is s a composite number?
True
Suppose -w - 3*y = -3*w - 3, -y = -2*w + 3. Let f be (9/6)/(6/16). Suppose -u - f*h + 332 = w*u, -5*h = 4*u - 328. Is u prime?
False
Suppose 720 + 95 = 5*b. Is b a composite number?
False
Suppose -5*l - 20283 = -4*p, 3*p + 2*l - 15246 = -l. Is p composite?
False
Let d(t) = -9*t. Suppose -5*g + 10 = -3*g. Let i be d(g). Let r = 104 - i. Is r a composite number?
False
Suppose -11 - 10 = -z. Suppose 3*n + 14 = n. Let c = n + z. Is c composite?
True
Suppose -7*d + 364 = 3*r - 3*d, 2*d + 358 = 3*r. Let v be 2/(-5) + 666/(-10). Let p = r + v. Is p composite?
False
Let g = 187 + -120. Is g a prime number?
True
Let n = 0 + 4. Suppose -3*y + 3*b = -5 - 13, -n*y + 21 = -3*b. Suppose -3*x + 56 = -k, -x - y*k = -8 - 14. Is x composite?
False
Let g(z) = 43*z**2 + 6*z - 14. Is g(3) a prime number?
False
Let y(d) = 4*d**2 - 3*d - 5. Let t be y(5). Let f(x) = -x**2 + 15*x - 1. Let a be f(11). Let s = t - a. Is s a composite number?
False
Suppose -5 = j + 2*x, 8 = 3*x + 23. Suppose 3*m - 119 = 2*h, -m + j*h = -3*m + 54. Is m a composite number?
False
Let u(t) = -t**3 - t**2 + t + 323. Is u(0) prime?
False
Suppose -4*q + 411 = -3*q. Is q a prime number?
False
Suppose -2*j + 770 = -m, 0 + 770 = 2*j - 4*m. Suppose p + 0*g = -4*g + 203, -g = 2*p - j. Is p a composite number?
False
Let z be ((-1)/2)/(3/(-678)). Let m = -78 + z. Is m a composite number?
True
Suppose 5*j - 3997 = 868. Is j prime?
False
Let l = 1426 - 621. Suppose -w + 161 = 2*b, -5*w - 3*b + l = 2*b. Is w a prime number?
False
Let b be -32 - (-1 + 0)/(-1). Let o = 71 + b. Is o composite?
True
Suppose 0 = 3*c + h - 8, 5*c - 6*h + h = 0. Suppose -4*v = 5*l - l - 2696, c*v = -4*l + 2702. Is l composite?
False
Let b = 70 + -39. Is b a prime number?
True
Let f(d) = -d**2 + 4. Let z be f(-4). Let l = 1 - z. Is l a composite number?
False
Let t(h) be the third derivative of -1/12*h**4 + 2/15*h**5 + 0*h + 0 - h**2 + 1/120*h**6 - 7/6*h**3. Is t(-6) a composite number?
True
Let a = 2875 - 1272. Is a composite?
True
Suppose -1 = 4*f - l, 4*f - 4*l = -0*f - 4. Suppose h + 2*c - c = 480, f = 4*c - 4. Is h prime?
True
Suppose 2611 = 6*j - 911. Is j a prime number?
True
Let a(g) = g**3 + 12*g**2 - 4*g + 11. Let r = -16 + 4. Is a(r) prime?
True
Is 0 + 2 + -1 + 394 prime?
False
Let s = 472 + -221. Is s composite?
False
Suppose -2*j + 7*j = 20, 44 = -4*m - 2*j. Let u = m - -61. Suppose 5*b - 243 + u = 0. Is b prime?
False
Suppose 3*y - 10 = -x + y, -5*x + 36 = -4*y. Let t = -5 + x. Suppose -t*r + 42 = -r. Is r composite?
True
Suppose 0 = -2*n - 3*y + 1769, 2*n - 2018 + 259 = -y. Is n prime?
True
Let b(n) = n**3 - 7*n**2 + 6*n + 5. Let l be b(6). Suppose q = -o + 22, l*q - q = 5*o - 110. Is o a prime number?
False
Let v(t) = -4 + 5 - 2*t + 2*t - 2*t. Is v(-1) prime?
True
Let v(q) = 3*q**2 - 14*q - 4. Let z be v(12). Let y be z/6 + 4/6. Is (-2)/(-11) + 6548/y prime?
True
Let w be (-10)/15 - 70/3. Let k = w + 58. Is k a composite number?
True
Suppose 1 = -4*m + 13. Suppose -5*h = -m*z - 22, -10 = -3*h + 2*z + 3. Is (-553)/(-5) + 2/h a composite number?
True
Suppose 0*p - 4*a + 1860 = 4*p, -2*p + 922 = 4*a. Is p composite?
True
Let v = -360 - -103. Let b = 574 + v. Is b composite?
False
Let c(r) = -15*r + 1. Is c(-2) prime?
True
Suppose 699 = 4*j - j. Is j composite?
False
Let s(l) = l**3 - 8*l**2 + 8*l. Let y be s(7). Let c(o) = -3 - y*o**2 - 7 - 8*o - 1 + o**3. Is c(9) prime?
True
Let u(s) = -54*s - 2. Is u(-2) a prime number?
False
Is (-1 + 0)/(5/(-1535)) a prime number?
True
Is 49/(-21)*(-3456 - 3) a composite number?
True
Suppose -3*b = -5*r - 295, -b - r = -3 - 82. Suppose 5*f = 4*f - 3, -3*m = f - b. Is m composite?
False
Suppose 4*d = 139 + 93. Suppose -o - 72 = -2*r, -5*r - 2*o = -131 - d. Is r composite?
False
Suppose 3*n - 3*c = 582, 7*n = 3*n + 2*c + 766. Let g = n + -130. Suppose 2*z = 5*h + z - g, -26 = -2*h + z. Is h prime?
True
Let y(q) = -835*q - 4. Is y(-1) composite?
True
Let z be 560*((-72)/(-20))/(-1). Is -1 - -2 - z/6 a composite number?
False
Is 447 - (-5)/((-25)/10) a prime number?
False
Suppose -3*i + 276 + 69 = 0. Is i prime?
False
Suppose -4 = -4*u + 8. Suppose 3*o = 9 + u. Suppose -4 = o*r + 8, r = -3*m + 108. Is m a composite number?
False
Let i = 1782 + -681. Is i a composite number?
True
Let g(u) = -u**3 + 4*u**2 + 3*u - 2. Is g(4) prime?
False
Let m be -1*2 - (-4 - -4). Let l = 0 - m. Is l a prime number?
True
Let q = -1 - -4. Suppose 0*o + q*o - 132 = 0. Suppose 4*i - o = -0*i. Is i prime?
True
Let k = 62 - 56. Let w be 1/(-3) - 500/(-6). Let u = w - k. Is u prime?
False
Let o(m) be the third derivative of 5*m**5/12 - m**4/12 + 2*m**3/3 + 5*m**2. Is o(3) prime?
True
Let g(x) = 20*x + 23. Is g(21) a prime number?
True
Suppose -22 - 58 = 5*c. Let j = c - -26. Is j composite?
True
Is 2704 - 1/(1 + -2) a prime number?
False
Let d(t) = -2*t + t - 2 - 12 + 101. Is d(0) a composite number?
True
Let j(k) = 138*k**2 + 3 + 8 - 133*k**2. Is j(6) prime?
True
Let p(s) = s**2 - 12*s - 6. Let z be p(12). Let o(n) = n**3 + 7*n**2 - 6*n + 6. Let w be o(z). Suppose -3*i + i = -w. Is i a composite number?
True
Is (17/2)/(1/4) composite?
True
Suppose 2*c = -3*a + 1561, -4*c + 2*a = -4293 + 1131. Suppose -4*u + c = -1088. Is u a prime number?
False
Let m = 8 + -7. Is m/(((-3)/(-3))/59) composite?
False
Suppose -2*g + 7*g = 5755. Is g composite?
False
Suppose 0 = f - 5*f + s + 769, 4*f = 5*s + 789. Is f a prime number?
True
Let g = -1 - -8. Is g composite?
False
Suppose -4 = -b - 0*b. Suppose 335 = 9*j - b*j. Is j a prime number?
True
Let t = -84 - -283. Is t a prime number?
True
Suppose -2*a - 2 + 6 = 0. Let u be (-3)/(5 - a)*-44. Is u/3 + (-2)/3 a prime number?
False
Suppose -5*g + 323 = 2*q, -4*q + 3*q - 3*g = -164. Is q a composite number?
False
Suppose -2*f - 4*w = 16, 13 + 3 = -f - 4*w. Suppose -3*c + 2*c = -87. Suppose f*t = -t + c. Is t a prime number?
False
Suppose 4*v = -5*n + 23, 5*v + 2*n - 46 = 4. Suppose 0*a - 5*a = -10. Suppose 0 = -a*d - 2*d + v. Is d composite?
False
Let k be 2/(-4) + (-14)/(-4). Suppose 3*g + 0*c - 7 = -c, 31 = 4*g - k*c. Suppose 0 = -g*i + 97 + 51. Is i a composite number?
False
Suppose -8*s - 510 = -1766. Is s a composite number?
False
Let x(b) = -b**2 + 4*b - 4. Let v be x(3). Let k be (-1)/1 + 1 + -3. Is v/k - 195/(-9) a composite number?
True
Let i = -2 - -6. Suppose -i*r + 18 = -r. Is r a composite number?
True
Suppose 0*a = a + 25. Let u = -71 - a. Let n = -23 - u. Is n composite?
Fa